{"id":720,"date":"2023-03-03T10:15:20","date_gmt":"2023-03-03T10:15:20","guid":{"rendered":"https:\/\/sensorische-integration.at\/?page_id=720"},"modified":"2023-03-05T12:02:37","modified_gmt":"2023-03-05T12:02:37","slug":"feedback","status":"publish","type":"page","link":"https:\/\/sensorische-integration.at\/?page_id=720","title":{"rendered":"Feedback"},"content":{"rendered":"<ul class=\"wp-block-latest-posts__list has-dates nes-feedback-container wp-block-latest-posts\"><li><a class=\"wp-block-latest-posts__post-title\" href=\"https:\/\/sensorische-integration.at\/?p=802\">In- House- Schulung Kindergarten<\/a><time datetime=\"2023-01-21T14:28:47+00:00\" class=\"wp-block-latest-posts__post-date\">Januar 21, 2023<\/time><div class=\"wp-block-latest-posts__post-full-content\"><!-- wp:paragraph -->\n<p><strong>Was hat dir besonders gut gefallen?<\/strong><\/p>\n<!-- \/wp:paragraph -->\n\n<!-- wp:paragraph -->\n<p>\u201eDie Praxisn\u00e4he. Der lebendige kompetente Vortrag. Viele praktische Beispiele. Tolle schriftliche Zusammenfassung f\u00fcr die Teilnehmer*innen.\u201c\u00a0<\/p>\n<!-- \/wp:paragraph --><\/div><\/li>\n<li><a class=\"wp-block-latest-posts__post-title\" href=\"https:\/\/sensorische-integration.at\/?p=798\">In- House- Schulung Kindergarten<\/a><time datetime=\"2023-01-21T14:24:59+00:00\" class=\"wp-block-latest-posts__post-date\">Januar 21, 2023<\/time><div class=\"wp-block-latest-posts__post-full-content\"><!-- wp:paragraph -->\n<p>\u201eDu machst den P\u00e4dagoginnen Mut, Neues auszuprobieren. Mach weiter so.\u201c<\/p>\n<!-- \/wp:paragraph --><\/div><\/li>\n<li><a class=\"wp-block-latest-posts__post-title\" href=\"https:\/\/sensorische-integration.at\/?p=777\">In- House- Schulung Kindergarten<\/a><time datetime=\"2023-01-21T11:45:21+00:00\" class=\"wp-block-latest-posts__post-date\">Januar 21, 2023<\/time><div class=\"wp-block-latest-posts__post-full-content\"><!-- wp:paragraph -->\n<p>\u201eRiesengro\u00dfes Kompliment an dich! Du hast die Inhalte verst\u00e4ndlich und interessant vermittelt und man konnte sich durch deine vielen Tipps\/Anregungen f\u00fcr die Praxis sehr viel mitnehmen. Ich habe bereits etwas ausprobiert! Vielen, vielen Dank f\u00fcr den tollen Tag!\u201c<\/p>\n<!-- \/wp:paragraph --><\/div><\/li>\n<li><a class=\"wp-block-latest-posts__post-title\" href=\"https:\/\/sensorische-integration.at\/?p=710\">In- House- Schulung Krabbelstube<\/a><time datetime=\"2023-01-14T17:23:54+00:00\" class=\"wp-block-latest-posts__post-date\">Januar 14, 2023<\/time><div class=\"wp-block-latest-posts__post-full-content\"><!-- wp:paragraph -->\n<p>\u201eBin sehr beeindruckt, wie gut alles aufbereitet ist. Egal ob Methodik, Didaktik oder auch materielle Gestaltung&#8230;sehr professionell!!\u201c<\/p>\n<!-- \/wp:paragraph --><\/div><\/li>\n<li><a class=\"wp-block-latest-posts__post-title\" href=\"https:\/\/sensorische-integration.at\/?p=774\">In- House Schulung Krabbelstube<\/a><time datetime=\"2023-01-14T11:44:27+00:00\" class=\"wp-block-latest-posts__post-date\">Januar 14, 2023<\/time><div class=\"wp-block-latest-posts__post-full-content\"><!-- wp:paragraph -->\n<p>\u201eBehalte dir deine Freude bei, damit steckst du an und kannst andere wunderbar motivieren! Auch deine Haltung war \u00e4u\u00dferst positiv und wertsch\u00e4tzend uns gegen\u00fcber. Du hast uns in keiner Weise unsere Kompetenz abgeschrieben. Im Gegenteil, du hast wirklich offen f\u00fcr unsere Meinungen gewirkt und die Erfahrung von Teilnehmerinnen, welche schon l\u00e4nger im Beruf sind wertgesch\u00e4tzt!\u201c<\/p>\n<!-- \/wp:paragraph --><\/div><\/li>\n<li><a class=\"wp-block-latest-posts__post-title\" href=\"https:\/\/sensorische-integration.at\/?p=787\">In- House- Schulung Krabbelstube<\/a><time datetime=\"2023-01-14T05:17:41+00:00\" class=\"wp-block-latest-posts__post-date\">Januar 14, 2023<\/time><div class=\"wp-block-latest-posts__post-full-content\"><!-- wp:paragraph -->\n<p>\u201eHerzlichen Dank f\u00fcr den interessanten Kurs, den tollen Ideen. Du hast es mir wieder bewusst gemacht, wie wichtig dieses Angebot f\u00fcr Kinder ist.\u201c<\/p>\n<!-- \/wp:paragraph --><\/div><\/li>\n<\/ul>","protected":false},"excerpt":{"rendered":"","protected":false},"author":1,"featured_media":0,"parent":0,"menu_order":0,"comment_status":"closed","ping_status":"closed","template":"","meta":{"footnotes":""},"class_list":["post-720","page","type-page","status-publish","hentry"],"yoast_head":"<!-- This site is optimized with the Yoast SEO plugin v20.2.1 - https:\/\/yoast.com\/wordpress\/plugins\/seo\/ -->\n<title>Feedback - Sensorische Integration<\/title>\n<meta name=\"robots\" content=\"index, follow, max-snippet:-1, max-image-preview:large, max-video-preview:-1\" \/>\n<link rel=\"canonical\" href=\"https:\/\/sensorische-integration.at\/?page_id=720\" \/>\n<meta property=\"og:locale\" content=\"de_DE\" \/>\n<meta property=\"og:type\" content=\"article\" \/>\n<meta property=\"og:title\" content=\"Feedback - Sensorische Integration\" \/>\n<meta property=\"og:url\" content=\"https:\/\/sensorische-integration.at\/?page_id=720\" \/>\n<meta property=\"og:site_name\" content=\"Sensorische Integration\" \/>\n<meta property=\"article:modified_time\" content=\"2023-03-05T12:02:37+00:00\" \/>\n<meta name=\"twitter:card\" content=\"summary_large_image\" \/>\n<script type=\"application\/ld+json\" class=\"yoast-schema-graph\">{\"@context\":\"https:\/\/schema.org\",\"@graph\":[{\"@type\":\"WebPage\",\"@id\":\"https:\/\/sensorische-integration.at\/?page_id=720\",\"url\":\"https:\/\/sensorische-integration.at\/?page_id=720\",\"name\":\"Feedback - Sensorische Integration\",\"isPartOf\":{\"@id\":\"https:\/\/sensorische-integration.at\/#website\"},\"datePublished\":\"2023-03-03T10:15:20+00:00\",\"dateModified\":\"2023-03-05T12:02:37+00:00\",\"breadcrumb\":{\"@id\":\"https:\/\/sensorische-integration.at\/?page_id=720#breadcrumb\"},\"inLanguage\":\"de\",\"potentialAction\":[{\"@type\":\"ReadAction\",\"target\":[\"https:\/\/sensorische-integration.at\/?page_id=720\"]}]},{\"@type\":\"BreadcrumbList\",\"@id\":\"https:\/\/sensorische-integration.at\/?page_id=720#breadcrumb\",\"itemListElement\":[{\"@type\":\"ListItem\",\"position\":1,\"name\":\"Startseite\",\"item\":\"https:\/\/sensorische-integration.at\/\"},{\"@type\":\"ListItem\",\"position\":2,\"name\":\"Feedback\"}]},{\"@type\":\"WebSite\",\"@id\":\"https:\/\/sensorische-integration.at\/#website\",\"url\":\"https:\/\/sensorische-integration.at\/\",\"name\":\"Sensorische Integration\",\"description\":\"Bettina Schnitzinger\",\"publisher\":{\"@id\":\"https:\/\/sensorische-integration.at\/#organization\"},\"potentialAction\":[{\"@type\":\"SearchAction\",\"target\":{\"@type\":\"EntryPoint\",\"urlTemplate\":\"https:\/\/sensorische-integration.at\/?s={search_term_string}\"},\"query-input\":\"required name=search_term_string\"}],\"inLanguage\":\"de\"},{\"@type\":\"Organization\",\"@id\":\"https:\/\/sensorische-integration.at\/#organization\",\"name\":\"Sensorische Integration\",\"url\":\"https:\/\/sensorische-integration.at\/\",\"logo\":{\"@type\":\"ImageObject\",\"inLanguage\":\"de\",\"@id\":\"https:\/\/sensorische-integration.at\/#\/schema\/logo\/image\/\",\"url\":\"https:\/\/sensorische-integration.at\/wp-content\/uploads\/2022\/09\/bettina-schnitzinger-sensorische-integration-logo-weiss-2.png\",\"contentUrl\":\"https:\/\/sensorische-integration.at\/wp-content\/uploads\/2022\/09\/bettina-schnitzinger-sensorische-integration-logo-weiss-2.png\",\"width\":946,\"height\":252,\"caption\":\"Sensorische Integration\"},\"image\":{\"@id\":\"https:\/\/sensorische-integration.at\/#\/schema\/logo\/image\/\"}}]}<\/script>\n<!-- \/ Yoast SEO plugin. -->","yoast_head_json":{"title":"Feedback - Sensorische Integration","robots":{"index":"index","follow":"follow","max-snippet":"max-snippet:-1","max-image-preview":"max-image-preview:large","max-video-preview":"max-video-preview:-1"},"canonical":"https:\/\/sensorische-integration.at\/?page_id=720","og_locale":"de_DE","og_type":"article","og_title":"Feedback - Sensorische Integration","og_url":"https:\/\/sensorische-integration.at\/?page_id=720","og_site_name":"Sensorische Integration","article_modified_time":"2023-03-05T12:02:37+00:00","twitter_card":"summary_large_image","schema":{"@context":"https:\/\/schema.org","@graph":[{"@type":"WebPage","@id":"https:\/\/sensorische-integration.at\/?page_id=720","url":"https:\/\/sensorische-integration.at\/?page_id=720","name":"Feedback - Sensorische Integration","isPartOf":{"@id":"https:\/\/sensorische-integration.at\/#website"},"datePublished":"2023-03-03T10:15:20+00:00","dateModified":"2023-03-05T12:02:37+00:00","breadcrumb":{"@id":"https:\/\/sensorische-integration.at\/?page_id=720#breadcrumb"},"inLanguage":"de","potentialAction":[{"@type":"ReadAction","target":["https:\/\/sensorische-integration.at\/?page_id=720"]}]},{"@type":"BreadcrumbList","@id":"https:\/\/sensorische-integration.at\/?page_id=720#breadcrumb","itemListElement":[{"@type":"ListItem","position":1,"name":"Startseite","item":"https:\/\/sensorische-integration.at\/"},{"@type":"ListItem","position":2,"name":"Feedback"}]},{"@type":"WebSite","@id":"https:\/\/sensorische-integration.at\/#website","url":"https:\/\/sensorische-integration.at\/","name":"Sensorische Integration","description":"Bettina Schnitzinger","publisher":{"@id":"https:\/\/sensorische-integration.at\/#organization"},"potentialAction":[{"@type":"SearchAction","target":{"@type":"EntryPoint","urlTemplate":"https:\/\/sensorische-integration.at\/?s={search_term_string}"},"query-input":"required name=search_term_string"}],"inLanguage":"de"},{"@type":"Organization","@id":"https:\/\/sensorische-integration.at\/#organization","name":"Sensorische Integration","url":"https:\/\/sensorische-integration.at\/","logo":{"@type":"ImageObject","inLanguage":"de","@id":"https:\/\/sensorische-integration.at\/#\/schema\/logo\/image\/","url":"https:\/\/sensorische-integration.at\/wp-content\/uploads\/2022\/09\/bettina-schnitzinger-sensorische-integration-logo-weiss-2.png","contentUrl":"https:\/\/sensorische-integration.at\/wp-content\/uploads\/2022\/09\/bettina-schnitzinger-sensorische-integration-logo-weiss-2.png","width":946,"height":252,"caption":"Sensorische Integration"},"image":{"@id":"https:\/\/sensorische-integration.at\/#\/schema\/logo\/image\/"}}]}},"_links":{"self":[{"href":"https:\/\/sensorische-integration.at\/index.php?rest_route=\/wp\/v2\/pages\/720","targetHints":{"allow":["GET"]}}],"collection":[{"href":"https:\/\/sensorische-integration.at\/index.php?rest_route=\/wp\/v2\/pages"}],"about":[{"href":"https:\/\/sensorische-integration.at\/index.php?rest_route=\/wp\/v2\/types\/page"}],"author":[{"embeddable":true,"href":"https:\/\/sensorische-integration.at\/index.php?rest_route=\/wp\/v2\/users\/1"}],"replies":[{"embeddable":true,"href":"https:\/\/sensorische-integration.at\/index.php?rest_route=%2Fwp%2Fv2%2Fcomments&post=720"}],"version-history":[{"count":3,"href":"https:\/\/sensorische-integration.at\/index.php?rest_route=\/wp\/v2\/pages\/720\/revisions"}],"predecessor-version":[{"id":780,"href":"https:\/\/sensorische-integration.at\/index.php?rest_route=\/wp\/v2\/pages\/720\/revisions\/780"}],"wp:attachment":[{"href":"https:\/\/sensorische-integration.at\/index.php?rest_route=%2Fwp%2Fv2%2Fmedia&parent=720"}],"curies":[{"name":"wp","href":"https:\/\/api.w.org\/{rel}","templated":true}]}}

<ul class="wp-block-latest-posts__list has-dates nes-feedback-container wp-block-latest-posts"><li><a class="wp-block-latest-posts__post-title" href="https://sensorische-integration.at/?p=802">In- House- Schulung Kindergarten</a><time datetime="2023-01-21T14:28:47+00:00" class="wp-block-latest-posts__post-date">Januar 21, 2023</time><div class="wp-block-latest-posts__post-full-content"><!-- wp:paragraph -->
<p><strong>Was hat dir besonders gut gefallen?</strong></p>
<!-- /wp:paragraph -->

<!-- wp:paragraph -->
<p>„Die Praxisnähe. Der lebendige kompetente Vortrag. Viele praktische Beispiele. Tolle schriftliche Zusammenfassung für die Teilnehmer*innen.“ </p>
<!-- /wp:paragraph --></div></li>
<li><a class="wp-block-latest-posts__post-title" href="https://sensorische-integration.at/?p=798">In- House- Schulung Kindergarten</a><time datetime="2023-01-21T14:24:59+00:00" class="wp-block-latest-posts__post-date">Januar 21, 2023</time><div class="wp-block-latest-posts__post-full-content"><!-- wp:paragraph -->
<p>„Du machst den Pädagoginnen Mut, Neues auszuprobieren. Mach weiter so.“</p>
<!-- /wp:paragraph --></div></li>
<li><a class="wp-block-latest-posts__post-title" href="https://sensorische-integration.at/?p=777">In- House- Schulung Kindergarten</a><time datetime="2023-01-21T11:45:21+00:00" class="wp-block-latest-posts__post-date">Januar 21, 2023</time><div class="wp-block-latest-posts__post-full-content"><!-- wp:paragraph -->
<p>„Riesengroßes Kompliment an dich! Du hast die Inhalte verständlich und interessant vermittelt und man konnte sich durch deine vielen Tipps/Anregungen für die Praxis sehr viel mitnehmen. Ich habe bereits etwas ausprobiert! Vielen, vielen Dank für den tollen Tag!“</p>
<!-- /wp:paragraph --></div></li>
<li><a class="wp-block-latest-posts__post-title" href="https://sensorische-integration.at/?p=710">In- House- Schulung Krabbelstube</a><time datetime="2023-01-14T17:23:54+00:00" class="wp-block-latest-posts__post-date">Januar 14, 2023</time><div class="wp-block-latest-posts__post-full-content"><!-- wp:paragraph -->
<p>„Bin sehr beeindruckt, wie gut alles aufbereitet ist. Egal ob Methodik, Didaktik oder auch materielle Gestaltung&#8230;sehr professionell!!“</p>
<!-- /wp:paragraph --></div></li>
<li><a class="wp-block-latest-posts__post-title" href="https://sensorische-integration.at/?p=774">In- House Schulung Krabbelstube</a><time datetime="2023-01-14T11:44:27+00:00" class="wp-block-latest-posts__post-date">Januar 14, 2023</time><div class="wp-block-latest-posts__post-full-content"><!-- wp:paragraph -->
<p>„Behalte dir deine Freude bei, damit steckst du an und kannst andere wunderbar motivieren! Auch deine Haltung war äußerst positiv und wertschätzend uns gegenüber. Du hast uns in keiner Weise unsere Kompetenz abgeschrieben. Im Gegenteil, du hast wirklich offen für unsere Meinungen gewirkt und die Erfahrung von Teilnehmerinnen, welche schon länger im Beruf sind wertgeschätzt!“</p>
<!-- /wp:paragraph --></div></li>
<li><a class="wp-block-latest-posts__post-title" href="https://sensorische-integration.at/?p=787">In- House- Schulung Krabbelstube</a><time datetime="2023-01-14T05:17:41+00:00" class="wp-block-latest-posts__post-date">Januar 14, 2023</time><div class="wp-block-latest-posts__post-full-content"><!-- wp:paragraph -->
<p>„Herzlichen Dank für den interessanten Kurs, den tollen Ideen. Du hast es mir wieder bewusst gemacht, wie wichtig dieses Angebot für Kinder ist.“</p>
<!-- /wp:paragraph --></div></li>
</ul>
